{"id":36,"date":"2021-04-21T06:54:51","date_gmt":"2021-04-21T06:54:51","guid":{"rendered":"https:\/\/dev.beuermann.de\/?page_id=36"},"modified":"2021-05-17T11:25:08","modified_gmt":"2021-05-17T11:25:08","slug":"felder","status":"publish","type":"page","link":"https:\/\/dev.beuermann.de\/?page_id=36","title":{"rendered":"Felder"},"content":{"rendered":"\t\t<div data-elementor-type=\"wp-page\" data-elementor-id=\"36\" class=\"elementor elementor-36\" data-elementor-settings=\"[]\">\n\t\t\t\t\t\t\t<div class=\"elementor-section-wrap\">\n\t\t\t\t\t\t\t<section class=\"elementor-section elementor-top-section elementor-element elementor-element-bdb1240 elementor-section-full_width elementor-section-height-default elementor-section-height-default\" data-id=\"bdb1240\" data-element_type=\"section\">\n\t\t\t\t\t\t<div class=\"elementor-container elementor-column-gap-default\">\n\t\t\t\t\t<div class=\"elementor-column elementor-col-100 elementor-top-column elementor-element elementor-element-eb20cbd\" data-id=\"eb20cbd\" data-element_type=\"column\">\n\t\t\t<div class=\"elementor-widget-wrap elementor-element-populated\">\n\t\t\t\t\t\t\t\t<div class=\"elementor-element elementor-element-efac603 elementor-widget elementor-widget-image\" data-id=\"efac603\" data-element_type=\"widget\" data-widget_type=\"image.default\">\n\t\t\t\t<div class=\"elementor-widget-container\">\n\t\t\t\t\t\t\t\t\t\t\t\t\t\t\t<img decoding=\"async\" src=\"https:\/\/dev.beuermann.de\/wp-content\/uploads\/2021\/05\/Berlin_Reichstagsgebaeude_FHD_1507_iptc.jpg\" title=\"Reichstagsgeb\u00e4ude\" alt=\"Reichstagsgeb\u00e4ude (kurz: Reichstag; offiziell: Plenarbereich Reichstagsgeb\u00e4ude) am Platz der Republik in Berlin ist seit 1999 Sitz des Deutschen Bundestages. Auch die Bundesversammlung tritt hier seit 1994 zur Wahl des deutschen Bundespr\u00e4sidenten zusammen.\nDer Bau wurde von dem Architekten Paul Wallot 1884 bis 1894 im Stil der Neorenaissance im Ortsteil Tiergarten (heute zum Bezirk Mitte geh\u00f6rend) errichtet. Er beherbergte sowohl den Reichstag des Deutsches Kaiserreiches als auch den Reichstag der Weimarer Republik. Durch den Reichstagsbrand von 1933 und durch Auswirkungen des Zweiten Weltkriegs schwer besch\u00e4digt, wurde das Geb\u00e4ude in den 1960er Jahren in modernisierter Form wiederhergestellt und von 1991 bis 1999 noch einmal grundlegend umgestaltet. (Quelle: Wikipedia) Aufgenommen mit einem iPhone 4 und der App ProHDR, Originalgr\u00f6\u00dfe unbearbeitet.\nBreitengrad: 52\u00b0 0' 0\" N, L\u00e4ngengrad: 13\u00b0 0' 0\" O\" \/>\t\t\t\t\t\t\t\t\t\t\t\t\t\t\t<\/div>\n\t\t\t\t<\/div>\n\t\t\t\t\t<\/div>\n\t\t<\/div>\n\t\t\t\t\t\t\t<\/div>\n\t\t<\/section>\n\t\t\t\t<section class=\"elementor-section elementor-top-section elementor-element elementor-element-833c243 elementor-section-boxed elementor-section-height-default elementor-section-height-default\" data-id=\"833c243\" data-element_type=\"section\">\n\t\t\t\t\t\t<div class=\"elementor-container elementor-column-gap-default\">\n\t\t\t\t\t<div class=\"elementor-column elementor-col-50 elementor-top-column elementor-element elementor-element-a877048\" data-id=\"a877048\" data-element_type=\"column\">\n\t\t\t<div class=\"elementor-widget-wrap elementor-element-populated\">\n\t\t\t\t\t\t\t\t<section class=\"elementor-section elementor-inner-section elementor-element elementor-element-9f6bb0e elementor-section-boxed elementor-section-height-default elementor-section-height-default\" data-id=\"9f6bb0e\" data-element_type=\"section\">\n\t\t\t\t\t\t<div class=\"elementor-container elementor-column-gap-default\">\n\t\t\t\t\t<div class=\"elementor-column elementor-col-100 elementor-inner-column elementor-element elementor-element-32ab9f8\" data-id=\"32ab9f8\" data-element_type=\"column\">\n\t\t\t<div class=\"elementor-widget-wrap elementor-element-populated\">\n\t\t\t\t\t\t\t\t<div class=\"elementor-element elementor-element-b2e7fec elementor-widget elementor-widget-html\" data-id=\"b2e7fec\" data-element_type=\"widget\" data-widget_type=\"html.default\">\n\t\t\t\t<div class=\"elementor-widget-container\">\n\t\t\tWerbung\t\t<\/div>\n\t\t\t\t<\/div>\n\t\t\t\t\t<\/div>\n\t\t<\/div>\n\t\t\t\t\t\t\t<\/div>\n\t\t<\/section>\n\t\t\t\t<section class=\"elementor-section elementor-inner-section elementor-element elementor-element-fa68455 elementor-section-boxed elementor-section-height-default elementor-section-height-default\" data-id=\"fa68455\" data-element_type=\"section\">\n\t\t\t\t\t\t<div class=\"elementor-container elementor-column-gap-default\">\n\t\t\t\t\t<div class=\"elementor-column elementor-col-100 elementor-inner-column elementor-element elementor-element-10e1692\" data-id=\"10e1692\" data-element_type=\"column\">\n\t\t\t<div class=\"elementor-widget-wrap elementor-element-populated\">\n\t\t\t\t\t\t\t\t<div class=\"elementor-element elementor-element-07b108f elementor-widget elementor-widget-html\" data-id=\"07b108f\" data-element_type=\"widget\" data-widget_type=\"html.default\">\n\t\t\t\t<div class=\"elementor-widget-container\">\n\t\t\tWerbung\t\t<\/div>\n\t\t\t\t<\/div>\n\t\t\t\t\t<\/div>\n\t\t<\/div>\n\t\t\t\t\t\t\t<\/div>\n\t\t<\/section>\n\t\t\t\t\t<\/div>\n\t\t<\/div>\n\t\t\t\t<div class=\"elementor-column elementor-col-50 elementor-top-column elementor-element elementor-element-04cb821\" data-id=\"04cb821\" data-element_type=\"column\">\n\t\t\t<div class=\"elementor-widget-wrap elementor-element-populated\">\n\t\t\t\t\t\t\t\t<section class=\"elementor-section elementor-inner-section elementor-element elementor-element-b126b15 elementor-section-boxed elementor-section-height-default elementor-section-height-default\" data-id=\"b126b15\" data-element_type=\"section\">\n\t\t\t\t\t\t<div class=\"elementor-container elementor-column-gap-default\">\n\t\t\t\t\t<div class=\"elementor-column elementor-col-100 elementor-inner-column elementor-element elementor-element-e05183f\" data-id=\"e05183f\" data-element_type=\"column\">\n\t\t\t<div class=\"elementor-widget-wrap elementor-element-populated\">\n\t\t\t\t\t\t\t\t<div class=\"elementor-element elementor-element-2b191b9 elementor-widget elementor-widget-text-editor\" data-id=\"2b191b9\" data-element_type=\"widget\" data-widget_type=\"text-editor.default\">\n\t\t\t\t<div class=\"elementor-widget-container\">\n\t\t\t\t\t\t\t\t<h3>Die IPTC-Felder<\/h3><p>Der IPTC-NAA* Standard sieht bis zu 32 Datenfelder vor, von denen meistens in der Praxis aber nur eine kleinere Auswahl gebraucht wird. Diese \u00dcbersicht mit einem Beispielbild und der dazugeh\u00f6rigen Betextung, soll helfen die f\u00fcr den eigene Workflow relevanten Felder auszuw\u00e4hlen. Das angezeigte Beispielbild gibt es mit kompletter IPTC-Betextung kostenlos bei europixel.<\/p>\t\t\t\t\t\t<\/div>\n\t\t\t\t<\/div>\n\t\t\t\t\t<\/div>\n\t\t<\/div>\n\t\t\t\t\t\t\t<\/div>\n\t\t<\/section>\n\t\t\t\t<section class=\"elementor-section elementor-inner-section elementor-element elementor-element-6606b84 elementor-section-boxed elementor-section-height-default elementor-section-height-default\" data-id=\"6606b84\" data-element_type=\"section\">\n\t\t\t\t\t\t<div class=\"elementor-container elementor-column-gap-default\">\n\t\t\t\t\t<div class=\"elementor-column elementor-col-100 elementor-inner-column elementor-element elementor-element-de83684\" data-id=\"de83684\" data-element_type=\"column\">\n\t\t\t<div class=\"elementor-widget-wrap elementor-element-populated\">\n\t\t\t\t\t\t\t\t<div class=\"elementor-element elementor-element-03ee74d elementor-widget elementor-widget-text-editor\" data-id=\"03ee74d\" data-element_type=\"widget\" data-widget_type=\"text-editor.default\">\n\t\t\t\t<div class=\"elementor-widget-container\">\n\t\t\t\t\t\t\t\t<p>\n<table id=\"tablepress-1\" class=\"tablepress tablepress-id-1\">\n<thead>\n<tr class=\"row-1 odd\">\n\t<th class=\"column-1\">IPTC-Feld<\/th><th class=\"column-2\">Beschreibung<\/th><th class=\"column-3\">Beispiel<\/th><th class=\"column-4\">Zeichen max.*<\/th><th class=\"column-5\">Kommentar**<\/th>\n<\/tr>\n<\/thead>\n<tbody class=\"row-hover\">\n<tr class=\"row-2 even\">\n\t<td class=\"column-1\">Headline<\/td><td class=\"column-2\">\u00dcberschrift bzw. Titel<\/td><td class=\"column-3\">Reichstagsgeb\u00e4ude in Berlin<\/td><td class=\"column-4\">256<\/td><td class=\"column-5\">Wichtig, da sie in vielen Datenbanken unter dem Bild erscheint<\/td>\n<\/tr>\n<tr class=\"row-3 odd\">\n\t<td class=\"column-1\">Caption\/Abstract<\/td><td class=\"column-2\">Beschreibung des Bildinhaltes<\/td><td class=\"column-3\">Reichstagsgeb\u00e4ude(kurz: Reichstag; offiziell: Plenarbereich Reichstagsgeb\u00e4ude) am Platz der Republik in Berlin ist seit 1999 Sitz des deutschen Bundestages.<\/td><td class=\"column-4\">2000<\/td><td class=\"column-5\">Absolut wichtig, hier stehen alle wichtigen Informationen die das Bild beschreiben.<\/td>\n<\/tr>\n<tr class=\"row-4 even\">\n\t<td class=\"column-1\">Keywords<\/td><td class=\"column-2\">Schlagw\u00f6rter, Anzahl ist nur begrenzt durch die maximal zul\u00e4ssige Gr\u00f6\u00dfe des gesamten IPTC-Dateikopfes von 64 kb<\/td><td class=\"column-3\">Reichstagsgeb\u00e4ude, Berlin, Reichstag, Parlament, Parlamentsgeb\u00e4ude, Bundestag, Bundestagssitzungen, Demokratie, Politik<\/td><td class=\"column-4\">64<\/td><td class=\"column-5\">Absolut wichtig, da die Stichw\u00f6rter die Beschreibung erg\u00e4nzen und so die Trefferquote bei der Suche erh\u00f6hen.<\/td>\n<\/tr>\n<tr class=\"row-5 odd\">\n\t<td class=\"column-1\">By-line<\/td><td class=\"column-2\">Name des Autors\/Fotografen<\/td><td class=\"column-3\">Bernd Beuermann<\/td><td class=\"column-4\">32<\/td><td class=\"column-5\">Wichtig, f\u00fcr den Urhebervermerk und die Honorierung.<\/td>\n<\/tr>\n<tr class=\"row-6 even\">\n\t<td class=\"column-1\">By-line Title<\/td><td class=\"column-2\">Titel des Autors \/ Fotografen. Wird hinter die Autorenangabe gesetzt.<\/td><td class=\"column-3\">Freier Fotograf<\/td><td class=\"column-4\">32<\/td><td class=\"column-5\">Weniger wichtig.<\/td>\n<\/tr>\n<tr class=\"row-7 odd\">\n\t<td class=\"column-1\"><\/td><td class=\"column-2\"><\/td><td class=\"column-3\"><\/td><td class=\"column-4\"><\/td><td class=\"column-5\"><\/td>\n<\/tr>\n<tr class=\"row-8 even\">\n\t<td class=\"column-1\"><\/td><td class=\"column-2\"><\/td><td class=\"column-3\"><\/td><td class=\"column-4\"><\/td><td class=\"column-5\"><\/td>\n<\/tr>\n<tr class=\"row-9 odd\">\n\t<td class=\"column-1\"><\/td><td class=\"column-2\"><\/td><td class=\"column-3\"><\/td><td class=\"column-4\"><\/td><td class=\"column-5\"><\/td>\n<\/tr>\n<tr class=\"row-10 even\">\n\t<td class=\"column-1\"><\/td><td class=\"column-2\"><\/td><td class=\"column-3\"><\/td><td class=\"column-4\"><\/td><td class=\"column-5\"><\/td>\n<\/tr>\n<tr class=\"row-11 odd\">\n\t<td class=\"column-1\"><\/td><td class=\"column-2\"><\/td><td class=\"column-3\"><\/td><td class=\"column-4\"><\/td><td class=\"column-5\"><\/td>\n<\/tr>\n<tr class=\"row-12 even\">\n\t<td class=\"column-1\"><\/td><td class=\"column-2\"><\/td><td class=\"column-3\"><\/td><td class=\"column-4\"><\/td><td class=\"column-5\"><\/td>\n<\/tr>\n<tr class=\"row-13 odd\">\n\t<td class=\"column-1\"><\/td><td class=\"column-2\"><\/td><td class=\"column-3\"><\/td><td class=\"column-4\"><\/td><td class=\"column-5\"><\/td>\n<\/tr>\n<tr class=\"row-14 even\">\n\t<td class=\"column-1\"><\/td><td class=\"column-2\"><\/td><td class=\"column-3\"><\/td><td class=\"column-4\"><\/td><td class=\"column-5\"><\/td>\n<\/tr>\n<tr class=\"row-15 odd\">\n\t<td class=\"column-1\"><\/td><td class=\"column-2\"><\/td><td class=\"column-3\"><\/td><td class=\"column-4\"><\/td><td class=\"column-5\"><\/td>\n<\/tr>\n<tr class=\"row-16 even\">\n\t<td class=\"column-1\"><\/td><td class=\"column-2\"><\/td><td class=\"column-3\"><\/td><td class=\"column-4\"><\/td><td class=\"column-5\"><\/td>\n<\/tr>\n<tr class=\"row-17 odd\">\n\t<td class=\"column-1\"><\/td><td class=\"column-2\"><\/td><td class=\"column-3\"><\/td><td class=\"column-4\"><\/td><td class=\"column-5\"><\/td>\n<\/tr>\n<tr class=\"row-18 even\">\n\t<td class=\"column-1\"><\/td><td class=\"column-2\"><\/td><td class=\"column-3\"><\/td><td class=\"column-4\"><\/td><td class=\"column-5\"><\/td>\n<\/tr>\n<tr class=\"row-19 odd\">\n\t<td class=\"column-1\"><\/td><td class=\"column-2\"><\/td><td class=\"column-3\"><\/td><td class=\"column-4\"><\/td><td class=\"column-5\"><\/td>\n<\/tr>\n<tr class=\"row-20 even\">\n\t<td class=\"column-1\"><\/td><td class=\"column-2\"><\/td><td class=\"column-3\"><\/td><td class=\"column-4\"><\/td><td class=\"column-5\"><\/td>\n<\/tr>\n<tr class=\"row-21 odd\">\n\t<td class=\"column-1\"><\/td><td class=\"column-2\"><\/td><td class=\"column-3\"><\/td><td class=\"column-4\"><\/td><td class=\"column-5\"><\/td>\n<\/tr>\n<tr class=\"row-22 even\">\n\t<td class=\"column-1\"><\/td><td class=\"column-2\"><\/td><td class=\"column-3\"><\/td><td class=\"column-4\"><\/td><td class=\"column-5\"><\/td>\n<\/tr>\n<tr class=\"row-23 odd\">\n\t<td class=\"column-1\"><\/td><td class=\"column-2\"><\/td><td class=\"column-3\"><\/td><td class=\"column-4\"><\/td><td class=\"column-5\"><\/td>\n<\/tr>\n<tr class=\"row-24 even\">\n\t<td class=\"column-1\"><\/td><td class=\"column-2\"><\/td><td class=\"column-3\"><\/td><td class=\"column-4\"><\/td><td class=\"column-5\"><\/td>\n<\/tr>\n<tr class=\"row-25 odd\">\n\t<td class=\"column-1\"><\/td><td class=\"column-2\"><\/td><td class=\"column-3\"><\/td><td class=\"column-4\"><\/td><td class=\"column-5\"><\/td>\n<\/tr>\n<tr class=\"row-26 even\">\n\t<td class=\"column-1\"><\/td><td class=\"column-2\"><\/td><td class=\"column-3\"><\/td><td class=\"column-4\"><\/td><td class=\"column-5\"><\/td>\n<\/tr>\n<tr class=\"row-27 odd\">\n\t<td class=\"column-1\"><\/td><td class=\"column-2\"><\/td><td class=\"column-3\"><\/td><td class=\"column-4\"><\/td><td class=\"column-5\"><\/td>\n<\/tr>\n<\/tbody>\n<\/table>\n<!-- #tablepress-1 from cache --><\/p>\t\t\t\t\t\t<\/div>\n\t\t\t\t<\/div>\n\t\t\t\t\t<\/div>\n\t\t<\/div>\n\t\t\t\t\t\t\t<\/div>\n\t\t<\/section>\n\t\t\t\t<section class=\"elementor-section elementor-inner-section elementor-element elementor-element-47a1dfa elementor-section-boxed elementor-section-height-default elementor-section-height-default\" data-id=\"47a1dfa\" data-element_type=\"section\">\n\t\t\t\t\t\t<div class=\"elementor-container elementor-column-gap-default\">\n\t\t\t\t\t<div class=\"elementor-column elementor-col-100 elementor-inner-column elementor-element elementor-element-1fb2ffb\" data-id=\"1fb2ffb\" data-element_type=\"column\">\n\t\t\t<div class=\"elementor-widget-wrap elementor-element-populated\">\n\t\t\t\t\t\t\t\t<div class=\"elementor-element elementor-element-b3dcd4d elementor-widget elementor-widget-text-editor\" data-id=\"b3dcd4d\" data-element_type=\"widget\" data-widget_type=\"text-editor.default\">\n\t\t\t\t<div class=\"elementor-widget-container\">\n\t\t\t\t\t\t\t\t<p><strong>* Quelle: Wikipedia<\/strong><\/p><p><strong>** Hinweis<\/strong><br \/>Meine Kommentierungen in dieser Tabelle basieren auf jahrelangen Erfahrungen und Beobachtungen in diesem Bereich. Trotzdem bleiben sie eine subjektive Meinungs- \u00e4u\u00dferung. Es gibt Szenarien, wo die Bewertung und Nutzung der Felder abweicht.<\/p>\t\t\t\t\t\t<\/div>\n\t\t\t\t<\/div>\n\t\t\t\t\t<\/div>\n\t\t<\/div>\n\t\t\t\t\t\t\t<\/div>\n\t\t<\/section>\n\t\t\t\t\t<\/div>\n\t\t<\/div>\n\t\t\t\t\t\t\t<\/div>\n\t\t<\/section>\n\t\t\t\t\t\t<\/div>\n\t\t\t\t\t<\/div>\n\t\t","protected":false},"excerpt":{"rendered":"","protected":false},"author":1,"featured_media":0,"parent":0,"menu_order":0,"comment_status":"closed","ping_status":"closed","template":"","meta":{"footnotes":""},"class_list":["post-36","page","type-page","status-publish","hentry","entry"],"_links":{"self":[{"href":"https:\/\/dev.beuermann.de\/index.php?rest_route=\/wp\/v2\/pages\/36","targetHints":{"allow":["GET"]}}],"collection":[{"href":"https:\/\/dev.beuermann.de\/index.php?rest_route=\/wp\/v2\/pages"}],"about":[{"href":"https:\/\/dev.beuermann.de\/index.php?rest_route=\/wp\/v2\/types\/page"}],"author":[{"embeddable":true,"href":"https:\/\/dev.beuermann.de\/index.php?rest_route=\/wp\/v2\/users\/1"}],"replies":[{"embeddable":true,"href":"https:\/\/dev.beuermann.de\/index.php?rest_route=%2Fwp%2Fv2%2Fcomments&post=36"}],"version-history":[{"count":31,"href":"https:\/\/dev.beuermann.de\/index.php?rest_route=\/wp\/v2\/pages\/36\/revisions"}],"predecessor-version":[{"id":401,"href":"https:\/\/dev.beuermann.de\/index.php?rest_route=\/wp\/v2\/pages\/36\/revisions\/401"}],"wp:attachment":[{"href":"https:\/\/dev.beuermann.de\/index.php?rest_route=%2Fwp%2Fv2%2Fmedia&parent=36"}],"curies":[{"name":"wp","href":"https:\/\/api.w.org\/{rel}","templated":true}]}}